[INFO] cloning repository https://github.com/zacanger/lll
[INFO] running `Command { std: "git" "-c" "credential.helper=" "-c" "credential.helper=/workspace/cargo-home/bin/git-credential-null" "clone" "--bare" "https://github.com/zacanger/lll" "/workspace/cache/git-repos/https%3A%2F%2Fgithub.com%2Fzacanger%2Flll", kill_on_drop: false }`
[INFO] [stderr] Cloning into bare repository '/workspace/cache/git-repos/https%3A%2F%2Fgithub.com%2Fzacanger%2Flll'...
[INFO] running `Command { std: "git" "rev-parse" "HEAD", kill_on_drop: false }`
[INFO] [stdout] 2622aa54287635df0092a48936ff8264ff0cf29a
[INFO] checking zacanger/lll against master#af3c6e733a40e671550e0f0f5aeecaa13772ba56 for pr-74989
[INFO] running `Command { std: "git" "clone" "/workspace/cache/git-repos/https%3A%2F%2Fgithub.com%2Fzacanger%2Flll" "/workspace/builds/worker-5/source", kill_on_drop: false }`
[INFO] [stderr] Cloning into '/workspace/builds/worker-5/source'...
[INFO] [stderr] done.
[INFO] validating manifest of git repo https://github.com/zacanger/lll on toolchain af3c6e733a40e671550e0f0f5aeecaa13772ba56
[INFO] running `Command { std: "/workspace/cargo-home/bin/cargo" "+af3c6e733a40e671550e0f0f5aeecaa13772ba56" "read-manifest" "--manifest-path" "Cargo.toml", kill_on_drop: false }`
[INFO] started tweaking git repo https://github.com/zacanger/lll
[INFO] finished tweaking git repo https://github.com/zacanger/lll
[INFO] tweaked toml for git repo https://github.com/zacanger/lll written to /workspace/builds/worker-5/source/Cargo.toml
[INFO] crate git repo https://github.com/zacanger/lll already has a lockfile, it will not be regenerated
[INFO] running `Command { std: "/workspace/cargo-home/bin/cargo" "+af3c6e733a40e671550e0f0f5aeecaa13772ba56" "fetch" "--locked" "--manifest-path" "Cargo.toml", kill_on_drop: false }`
[INFO] running `Command { std: "docker" "create" "-v" "/var/lib/crater-agent-workspace/builds/worker-5/target:/opt/rustwide/target:rw,Z" "-v" "/var/lib/crater-agent-workspace/builds/worker-5/source:/opt/rustwide/workdir:ro,Z" "-v" "/var/lib/crater-agent-workspace/cargo-home:/opt/rustwide/cargo-home:ro,Z" "-v" "/var/lib/crater-agent-workspace/rustup-home:/opt/rustwide/rustup-home:ro,Z" "-e" "SOURCE_DIR=/opt/rustwide/workdir" "-e" "CARGO_TARGET_DIR=/opt/rustwide/target" "-e" "CARGO_HOME=/opt/rustwide/cargo-home" "-e" "RUSTUP_HOME=/opt/rustwide/rustup-home" "-w" "/opt/rustwide/workdir" "-m" "1610612736" "--user" "0:0" "--network" "none" "rustops/crates-build-env@sha256:d92eaeed33fa75130ca1ee6c8a01d1ffb62bac859dfdfb3450e3e5d1c0146529" "/opt/rustwide/cargo-home/bin/cargo" "+af3c6e733a40e671550e0f0f5aeecaa13772ba56" "metadata" "--no-deps" "--format-version=1", kill_on_drop: false }`
[INFO] [stdout] c1ab25dcd5ec4ce19c8d8c3ea152f5cf907fb8ed9923241f6abdfb1cbb964596
[INFO] [stderr] WARNING: Your kernel does not support swap limit capabilities or the cgroup is not mounted. Memory limited without swap.
[INFO] running `Command { std: "docker" "start" "-a" "c1ab25dcd5ec4ce19c8d8c3ea152f5cf907fb8ed9923241f6abdfb1cbb964596", kill_on_drop: false }`
[INFO] running `Command { std: "docker" "inspect" "c1ab25dcd5ec4ce19c8d8c3ea152f5cf907fb8ed9923241f6abdfb1cbb964596", kill_on_drop: false }`
[INFO] running `Command { std: "docker" "rm" "-f" "c1ab25dcd5ec4ce19c8d8c3ea152f5cf907fb8ed9923241f6abdfb1cbb964596", kill_on_drop: false }`
[INFO] [stdout] c1ab25dcd5ec4ce19c8d8c3ea152f5cf907fb8ed9923241f6abdfb1cbb964596
[INFO] running `Command { std: "docker" "create" "-v" "/var/lib/crater-agent-workspace/builds/worker-5/target:/opt/rustwide/target:rw,Z" "-v" "/var/lib/crater-agent-workspace/builds/worker-5/source:/opt/rustwide/workdir:ro,Z" "-v" "/var/lib/crater-agent-workspace/cargo-home:/opt/rustwide/cargo-home:ro,Z" "-v" "/var/lib/crater-agent-workspace/rustup-home:/opt/rustwide/rustup-home:ro,Z" "-e" "SOURCE_DIR=/opt/rustwide/workdir" "-e" "CARGO_TARGET_DIR=/opt/rustwide/target" "-e" "CARGO_INCREMENTAL=0" "-e" "RUST_BACKTRACE=full" "-e" "RUSTFLAGS=--cap-lints=forbid" "-e" "CARGO_HOME=/opt/rustwide/cargo-home" "-e" "RUSTUP_HOME=/opt/rustwide/rustup-home" "-w" "/opt/rustwide/workdir" "-m" "1610612736" "--user" "0:0" "--network" "none" "rustops/crates-build-env@sha256:d92eaeed33fa75130ca1ee6c8a01d1ffb62bac859dfdfb3450e3e5d1c0146529" "/opt/rustwide/cargo-home/bin/cargo" "+af3c6e733a40e671550e0f0f5aeecaa13772ba56" "check" "--frozen" "--all" "--all-targets" "--message-format=json", kill_on_drop: false }`
[INFO] [stdout] cdb08d391b649032035529a441e3339a0d79bdc77c0f5abf34f6a7f3dd9fdc78
[INFO] [stderr] WARNING: Your kernel does not support swap limit capabilities or the cgroup is not mounted. Memory limited without swap.
[INFO] running `Command { std: "docker" "start" "-a" "cdb08d391b649032035529a441e3339a0d79bdc77c0f5abf34f6a7f3dd9fdc78", kill_on_drop: false }`
[INFO] [stderr]    Compiling libc v0.2.62
[INFO] [stderr]    Compiling proc-macro2 v1.0.1
[INFO] [stderr]    Compiling syn v0.15.44
[INFO] [stderr]    Compiling serde v1.0.99
[INFO] [stderr]    Compiling syn v1.0.4
[INFO] [stderr]    Compiling unicode-segmentation v1.3.0
[INFO] [stderr]     Checking utf8parse v0.1.1
[INFO] [stderr]     Checking fs_extra v1.1.0
[INFO] [stderr]     Checking alphanumeric-sort v1.0.7
[INFO] [stderr]     Checking open v1.3.2
[INFO] [stderr]    Compiling ncurses v5.99.0
[INFO] [stderr]    Compiling quote v0.6.13
[INFO] [stderr]     Checking log v0.4.8
[INFO] [stderr]    Compiling heck v0.3.1
[INFO] [stderr]     Checking dirs-sys v0.3.4
[INFO] [stderr]     Checking atty v0.2.13
[INFO] [stderr]     Checking nix v0.14.1
[INFO] [stderr]     Checking wordexp v0.1.0 (https://github.com/kamiyaa/wordexp-rs?branch=dev#92523f04)
[INFO] [stderr]     Checking users v0.9.1
[INFO] [stderr]    Compiling quote v1.0.2
[INFO] [stderr]     Checking clap v2.33.0
[INFO] [stderr]     Checking dirs v2.0.2
[INFO] [stderr]     Checking rustyline v5.0.2
[INFO] [stderr]    Compiling structopt-derive v0.2.18
[INFO] [stderr]     Checking toml v0.5.3
[INFO] [stderr]    Compiling serde_derive v1.0.99
[INFO] [stderr]     Checking structopt v0.2.18
[INFO] [stderr]     Checking lll v0.1.2 (/opt/rustwide/workdir)
[INFO] [stdout] error[E0599]: no function or associated item named `new` found for struct `page_state::LllPageState` in the current scope
[INFO] [stdout]   --> src/window/page_state.rs:73:44
[INFO] [stdout]    |
[INFO] [stdout] 2  | pub struct LllPageState {
[INFO] [stdout]    | ----------------------- function or associated item `new` not found for this
[INFO] [stdout] ...
[INFO] [stdout] 73 |         let mut page_state = LllPageState::new();
[INFO] [stdout]    |                                            ^^^ function or associated item not found in `page_state::LllPageState`
[INFO] [stdout]    |
[INFO] [stdout]    = help: items from traits can only be used if the trait is implemented and in scope
[INFO] [stdout]    = note: the following trait defines an item `new`, perhaps you need to implement it:
[INFO] [stdout]            candidate #1: `rustyline::tty::Term`
[INFO] [stdout] 
[INFO] [stdout] 
[INFO] [stdout] error[E0599]: no function or associated item named `new` found for struct `page_state::LllPageState` in the current scope
[INFO] [stdout]   --> src/window/page_state.rs:91:44
[INFO] [stdout]    |
[INFO] [stdout] 2  | pub struct LllPageState {
[INFO] [stdout]    | ----------------------- function or associated item `new` not found for this
[INFO] [stdout] ...
[INFO] [stdout] 91 |         let mut page_state = LllPageState::new();
[INFO] [stdout]    |                                            ^^^ function or associated item not found in `page_state::LllPageState`
[INFO] [stdout]    |
[INFO] [stdout]    = help: items from traits can only be used if the trait is implemented and in scope
[INFO] [stdout]    = note: the following trait defines an item `new`, perhaps you need to implement it:
[INFO] [stdout]            candidate #1: `rustyline::tty::Term`
[INFO] [stdout] 
[INFO] [stdout] 
[INFO] [stdout] error[E0599]: no function or associated item named `new` found for struct `page_state::LllPageState` in the current scope
[INFO] [stdout]    --> src/window/page_state.rs:102:44
[INFO] [stdout]     |
[INFO] [stdout] 2   | pub struct LllPageState {
[INFO] [stdout]     | ----------------------- function or associated item `new` not found for this
[INFO] [stdout] ...
[INFO] [stdout] 102 |         let mut page_state = LllPageState::new();
[INFO] [stdout]     |                                            ^^^ function or associated item not found in `page_state::LllPageState`
[INFO] [stdout]     |
[INFO] [stdout]     = help: items from traits can only be used if the trait is implemented and in scope
[INFO] [stdout]     = note: the following trait defines an item `new`, perhaps you need to implement it:
[INFO] [stdout]             candidate #1: `rustyline::tty::Term`
[INFO] [stdout] 
[INFO] [stdout] 
[INFO] [stdout] error[E0599]: no function or associated item named `new` found for struct `page_state::LllPageState` in the current scope
[INFO] [stdout]    --> src/window/page_state.rs:113:44
[INFO] [stdout]     |
[INFO] [stdout] 2   | pub struct LllPageState {
[INFO] [stdout]     | ----------------------- function or associated item `new` not found for this
[INFO] [stdout] ...
[INFO] [stdout] 113 |         let mut page_state = LllPageState::new();
[INFO] [stdout]     |                                            ^^^ function or associated item not found in `page_state::LllPageState`
[INFO] [stdout]     |
[INFO] [stdout]     = help: items from traits can only be used if the trait is implemented and in scope
[INFO] [stdout]     = note: the following trait defines an item `new`, perhaps you need to implement it:
[INFO] [stdout]             candidate #1: `rustyline::tty::Term`
[INFO] [stdout] 
[INFO] [stdout] 
[INFO] [stdout] error[E0599]: no function or associated item named `new` found for struct `page_state::LllPageState` in the current scope
[INFO] [stdout]    --> src/window/page_state.rs:125:44
[INFO] [stdout]     |
[INFO] [stdout] 2   | pub struct LllPageState {
[INFO] [stdout]     | ----------------------- function or associated item `new` not found for this
[INFO] [stdout] ...
[INFO] [stdout] 125 |         let mut page_state = LllPageState::new();
[INFO] [stdout]     |                                            ^^^ function or associated item not found in `page_state::LllPageState`
[INFO] [stdout]     |
[INFO] [stdout]     = help: items from traits can only be used if the trait is implemented and in scope
[INFO] [stdout]     = note: the following trait defines an item `new`, perhaps you need to implement it:
[INFO] [stdout]             candidate #1: `rustyline::tty::Term`
[INFO] [stdout] 
[INFO] [stdout] 
[INFO] [stdout] error[E0599]: no function or associated item named `new` found for struct `page_state::LllPageState` in the current scope
[INFO] [stdout]    --> src/window/page_state.rs:137:44
[INFO] [stdout]     |
[INFO] [stdout] 2   | pub struct LllPageState {
[INFO] [stdout]     | ----------------------- function or associated item `new` not found for this
[INFO] [stdout] ...
[INFO] [stdout] 137 |         let mut page_state = LllPageState::new();
[INFO] [stdout]     |                                            ^^^ function or associated item not found in `page_state::LllPageState`
[INFO] [stdout]     |
[INFO] [stdout]     = help: items from traits can only be used if the trait is implemented and in scope
[INFO] [stdout]     = note: the following trait defines an item `new`, perhaps you need to implement it:
[INFO] [stdout]             candidate #1: `rustyline::tty::Term`
[INFO] [stdout] 
[INFO] [stdout] 
[INFO] [stdout] error[E0599]: no function or associated item named `new` found for struct `page_state::LllPageState` in the current scope
[INFO] [stdout]    --> src/window/page_state.rs:162:44
[INFO] [stdout]     |
[INFO] [stdout] 2   | pub struct LllPageState {
[INFO] [stdout]     | ----------------------- function or associated item `new` not found for this
[INFO] [stdout] ...
[INFO] [stdout] 162 |         let mut page_state = LllPageState::new();
[INFO] [stdout]     |                                            ^^^ function or associated item not found in `page_state::LllPageState`
[INFO] [stdout]     |
[INFO] [stdout]     = help: items from traits can only be used if the trait is implemented and in scope
[INFO] [stdout]     = note: the following trait defines an item `new`, perhaps you need to implement it:
[INFO] [stdout]             candidate #1: `rustyline::tty::Term`
[INFO] [stdout] 
[INFO] [stdout] 
[INFO] [stdout] error: aborting due to 7 previous errors
[INFO] [stdout] 
[INFO] [stdout] 
[INFO] [stdout] For more information about this error, try `rustc --explain E0599`.
[INFO] [stdout] 
[INFO] [stderr] error: could not compile `lll`.
[INFO] [stderr] 
[INFO] [stderr] To learn more, run the command again with --verbose.
[INFO] [stderr] warning: build failed, waiting for other jobs to finish...
[INFO] [stdout] warning: unused `std::result::Result` that must be used
[INFO] [stdout]    --> src/commands/file_operations.rs:212:25
[INFO] [stdout]     |
[INFO] [stdout] 212 |                         tx.send(process_info);
[INFO] [stdout]     |                         ^^^^^^^^^^^^^^^^^^^^^^
[INFO] [stdout]     |
[INFO] [stdout]     = note: `#[warn(unused_must_use)]` on by default
[INFO] [stdout]     = note: this `Result` may be an `Err` variant, which should be handled
[INFO] [stdout] 
[INFO] [stdout] 
[INFO] [stdout] warning: unused `std::result::Result` that must be used
[INFO] [stdout]    --> src/commands/file_operations.rs:262:25
[INFO] [stdout]     |
[INFO] [stdout] 262 |                         tx.send(process_info);
[INFO] [stdout]     |                         ^^^^^^^^^^^^^^^^^^^^^^
[INFO] [stdout]     |
[INFO] [stdout]     = note: this `Result` may be an `Err` variant, which should be handled
[INFO] [stdout] 
[INFO] [stdout] 
[INFO] [stdout] warning: 2 warnings emitted
[INFO] [stdout] 
[INFO] [stdout] 
[INFO] [stderr] error: build failed
[INFO] running `Command { std: "docker" "inspect" "cdb08d391b649032035529a441e3339a0d79bdc77c0f5abf34f6a7f3dd9fdc78", kill_on_drop: false }`
[INFO] running `Command { std: "docker" "rm" "-f" "cdb08d391b649032035529a441e3339a0d79bdc77c0f5abf34f6a7f3dd9fdc78", kill_on_drop: false }`
[INFO] [stdout] cdb08d391b649032035529a441e3339a0d79bdc77c0f5abf34f6a7f3dd9fdc78
